j) = 3*j + 17. Suppose -128 = 20*t - 28. Give a(t).
2
Suppose 0*z = -3*z + 36. Let g be z/3 + (-5 - -2). Suppose a = 5 - g. Let y(b) = -b - 1. Give y(a).
-5
Let m(b) = b**3 + 6*b**2 - 8*b - 8. Let s(g) = -4*g - 6. Let c be s(-2). Suppose -3 = -w - c*x, -w + 26 = -4*w + x. Give m(w).
-1
Suppose 6 = 2*g, 5*p + 10 = 2*g - 131. Let i = p - -32. Let l(h) = -2*h + 7*h - h + 5 - 4*h**2 + i*h**2. Calculate l(-4).
5
Let a(o) = 21*o + 31. Let z be a(-2). Let s(r) = -r**3 - 10*r**2 + 10*r - 3. Calculate s(z).
8
Let g be (-1)/(-3) + (-26)/6. Let n(p) be the third derivative of -p**6/120 - p**5/20 + p**4/6 + 3*p**2 - 84*p. Calculate n(g).
0
Let c = 1434 + -1443. Let m(h) = -h**3 - 9*h**2 + 2*h + 7. Give m(c).
-11
Let o(z) = -z + 1. Let c(r) = 12*r - 3. Let d(x) = -c(x) - 4*o(x). Let f be d(-1). Let w(u) = u**2 - 5*u - 3. Give w(f).
11
Let u(x) = x**3 + 21*x**2 - x - 17. Let j be 1265/(-44) + 6 - (-14)/8. Calculate u(j).
4
Let s(c) be the second derivative of -c**3/6 - 11*c**2/2 - 67*c - 2. Determine s(0).
-11
Suppose 0 = -3*o - 0 + 3. Let j(i) = 0*i - 7 - o - 2*i + i. Determine j(6).
-14
Let p = -2 - -4. Let r = p + -2. Let g(i) = -9 - 51*i + 22*i + 28*i. Give g(r).
-9
Let u(h) = h**2 + h + 1. Let o(r) = -2 - 2*r**2 - 4*r - 2*r + 7*r - 2*r. Let p(y) = -2*o(y) - 3*u(y). Give p(0).
1
Let q = 220 - 222. Let x(i) = -4*i - 5. Give x(q).
3
Let i(a) = a - 2 + 0*a - 35*a**2 + 38*a**2 + a**3. What is i(-3)?
-5
Let o(v) = -v**2 + 7*v - 9. Let x(m) = -3*m**2 + 36*m - 26. Let c be x(11). Calculate o(c).
-9
Let y(s) be the third derivative of s**5/60 - s**4/6 - s**3/6 + s**2. Let d(u) = 4*u - 8. Let p be d(-10). Let c be p/(-60)*15/2. Determine y(c).
11
Let v(b) = 3*b**2 + 2*b - 4. Let a(o) = o**2 - 11*o - 29. Let f be a(13). What is v(f)?
17
Suppose -2*g = -3*c - 2*c - 37, g - 26 = 4*c. Let r be 8/g - 2/(-3). Let s(w) = 5*w**r - w**3 - 2*w + 0*w - 4*w**2 + 2 + 2*w**2. Calculate s(2).
2
Let d(c) = -c**2 + 5*c - 2. Suppose 0*w = -w - 11. Let y be (3 + 6/(-4))*62/(-3). Let u be (-2)/w + y/(-11). Calculate d(u).
4
Let a(t) be the third derivative of -1/6*t**3 + 0*t - 1/24*t**4 - 27*t**2 + 1/10*t**5 + 0. What is a(-1)?
6
Let n(o) = 3*o**2 - 7*o - 21. Let i(a) = -a**2 + 4*a + 10. Let l(z) = -5*i(z) - 2*n(z). Determine l(-5).
-3
Let i be (5/(-3))/((-1)/(-3)). Let x(k) = -97*k - 5 + 105*k + k**2 + 12. Calculate x(i).
-8
Let w = -4 - -6. Let q(v) be the third derivative of 1/60*v**5 + 0*v - 1/24*v**4 - 1/60*v**6 - 24 + 1/6*v**3 + 2*v**2. What is q(w)?
-13
Let a(r) = -2*r**2 + 18*r - 1. Let d be a(9). Let m be -2 - -5 - (d + -1). Let l(z) = z**3 - 6*z**2 + 3*z - 6. Calculate l(m).
-16
Let j(r) = 11*r**2 - 40*r. Let t be j(4). Let i(h) = h**2 - 15*h - 17. Give i(t).
-1
Suppose -5*q + 29 = -c + 1, 3*q = c + 18. Let i(a) be the first derivative of -4*a**2 - 4*a - 1. Determine i(c).
20
Let k(v) = v + 12. Let c = -183 + 174. Calculate k(c).
3
Let h(z) = z. Let g be h(-5). Let s(a) = -4 + a**3 + 20*a**2 - 3 + 3*a - 14*a**2 + 0*a**3. Determine s(g).
3
Let u(c) = 2*c - 1. Suppose 3*p - 4*j = -8, 0 = 14*p - 13*p + j - 2. Give u(p).
-1
Let j(w) = 6*w**2 + 8104*w**3 - 8103*w**3 + 7*w - w + 1. Let v = -14 + 9. Determine j(v).
-4
Let a be (-6417)/(-558) - (11 - 1). Let n(r) be the first derivative of 9*r - 2 - a*r**2. Calculate n(7).
-12
Let o(m) = 3*m**2 + m. Let f(x) be the first derivative of x**4/4 + 2*x**3 - 2*x**2 - 23*x - 26. Let h be f(-6). Determine o(h).
4
Let n = -1327 + 1329. Let y(a) = -a**3 + 3*a**2 - 3*a. Calculate y(n).
-2
Let p(f) = 8*f**3 + f + 1. Let j = -48 + 50. Suppose d - j = 8*l - 4*l, -10 = 5*d. Give p(l).
-8
Let y(h) = h**3 + 5*h**2 + h - 2. Let w(k) = -10*k - 10. Let o be w(-2). Suppose 0 = -6*s - o - 20. Give y(s).
-7
Suppose -4*z - 3 = 1. Let u be (-16)/8*(2 + z). Let s(i) = i**2 - 2*i - 3. What is s(u)?
5
Let d(s) be the first derivative of -s**4/4 + 2*s**3 + 4*s**2 - 10*s + 20. Give d(7).
-3
Suppose 21*s = 25*s. Let j(q) = 70*q**2 - 3 + 0 - 71*q**2. Give j(s).
-3
Let y(g) be the third derivative of g**5/30 + g**4/12 - g**2. Let l be (92/(-345))/(18/135). What is y(l)?
4
Let y(a) = a - 15. Suppose 2*s - 2 = 0, -5*c + 16 = -c + 4*s. Suppose c*w = 11*w - 96. Give y(w).
-3
Let j(x) = -x**3 + 8*x**2 - 8*x + 1. Suppose z + 2*s = -12, -5*z - 2*s - 30 = 2*s. Let h be (-7)/z*-4*5/(-10). Determine j(h).
-6
Let v(x) = 9*x**3 + 2*x**2 + x. Suppose -7*g + 10*g = 9. Let i be -1*(1 - g)/(-2). Give v(i).
-8
Suppose -3*v - 6 = -2*i - 2, -10 = -5*i. Suppose -f + 2*f = -t + 3, f + 4*t - 18 = v. Let a(k) = k**3 + 4*k**2 + 2*k - 1. Calculate a(f).
3
Let k(n) = n + 6. Suppose 2*h = 1 + 7. Suppose 2*f - 6 = -4*z - 28, -h*z + 2*f = 10. Let p be -2 + -1 - (1 + z). What is k(p)?
6
Suppose 5*g = r + 28 - 7, 3*r - 4*g = -30. Let t(o) be the second derivative of -o + 0 + 5/12*o**4 - o**2 + 1/20*o**5 - 7/6*o**3. What is t(r)?
4
Let t(b) = b**2 + b. Let h be t(-2). Suppose -2*a - 4*m + 14 = 0, a - 4*m - 3 = -h. Let l(z) = -5 + 5*z**2 + 16 - 17 + 3*z - 2*z - z**3. Determine l(a).
-1
Let s be 0/(-17)*(1 + -2). Let k(j) = j**3 + j**2 + 20. Determine k(s).
20
Let f(w) be the second derivative of 1/2*w**2 + 2*w + 0 - 1/3*w**3 - 1/20*w**5 + 1/6*w**4. Let t = 29 + -28. What is f(t)?
0
Let f(q) = -2*q**2 - 2*q**2 + 3*q**3 + q - 1 - 4*q**3. Let k(u) = u**3 + 2*u**2 + u - 2. Let h be 24/(-11) - 10/(-55). Let l be k(h). Determine f(l).
-5
Let j be 4/18 - (-1 - 338/18). Let m(d) = -25 + 49 - d**2 - 4*d + 4*d**2 - j. What is m(3)?
19
Let c = 118 + -114. Let u(t) = -20*t + c*t + 3 + 11*t. Give u(4).
-17
Let o(t) = t**3 - 20*t**2 + 20*t - 23. Suppose -5*s - 47 = -3*m, 11*s - 9*s - 4 = 0. What is o(m)?
-4
Let n(k) be the third derivative of k**5/30 - 20*k**2. Suppose 9 = 8*v + 1. What is n(v)?
2
Let s = -574 - -578. Let k(d) = 6*d - 13*d**2 - 6 + 12*d**2 - d. Calculate k(s).
-2
Let v(g) = -g**3 - 3*g**2 - g - 4. Let u(i) = i - 12. Suppose 3*k = -k - 2*x + 46, -3*k + 7 = -4*x. Let t be u(k). Calculate v(t).
-1
Let b(t) = 12*t**2 - 4*t + 14*t**3 - 5*t**2 + 3 - 3*t - 15*t**3. Calculate b(5).
18
Let g(u) = 17*u + 7. Let w(c) = -48*c - 20. Let d(b) = 17*g(b) + 6*w(b). Suppose -2*k + 7*k = -3*o + 13, 2*k = 2*o + 2. What is d(k)?
1
Let p(b) = -11*b - 82. Let h be p(-7). Let w(j) = 3*j**2 + 10*j - 5. What is w(h)?
20
Let w = 13 - 16. Let q(o) = -2*o - 5. Let v be q(w). Suppose -v - 5 = -l. Let z(m) = m**3 - 6*m**2 + 3. What is z(l)?
3
Let y be 7 + 2*7/(-14). Let d(t) = t**2 - 5*t - 5. Calculate d(y).
1
Let v(a) = -a. Let q(r) = r + 23. Let j(x) = q(x) + 3*v(x). What is j(14)?
-5
Suppose 2*i = -0*i. Let r(b) be the third derivative of 5/6*b**3 + i*b + 4*b**2 - 1/3*b**4 - 1/12*b**5 + 0 + 1/120*b**6. Give r(6).
-7
Suppose -12*g - 210 = -7*g. Let x be g/9*(5 - 2). Let y = -12 - x. Let f(t) = -2*t - 1. Give f(y).
-5
Let a(p) = -p**2 - p. Let o(h) = -3*h**2 + h - 1. Let k(t) = 5*a(t) - 2*o(t). Determine k(6).
-4
Let x be 33/27 + (-4)/18. Suppose 2*y - 9 = -3. Let h(l) = -y*l - 2*l - 4*l + 3*l. Determine h(x).
-6
Let y(j) be the second derivative of -j**5/20 - j**4/4 + j**3/2 - 5*j**2/2 + 2*j - 7. Let t(v) = -2*v + 1. Let q be t(3). Give y(q).
30
Let k(b) = -5*b**2 + 5*b - 2. Let o(a) = 4*a**2 - 4*a + 3. Let y(z) = -5*k(z) - 6*o(z). Suppose 4*c + 4*w + 12 = 0, 21 - 6 = 2*c - 5*w. Determine y(c).
-8
Let g = 1818 - 1822. Let z(y) = 6*y - 5 + y - 3*y + y**2. Determine z(g).
-5
Suppose v + 1 = 2*v - u, -21 = -5*v - 3*u. Let f(w) = 3 + 25*w**2 + 3*w - 23*w**2 + 5*w**3 - 6*w**v. Determine f(3).
3
Let p(r) = -r - 15. Let f be p(-10). Let n(s) = 4*s**2 + 3*s - 5. Let x(k) = 5*k**2 + 3*k - 5. Let y(u) = 4*n(u) - 3*x(u). What is y(f)?
5
Let f(u) = -u**2 - 9*u + 12. Let y be f(-10). Let s(c) = 6*c**2 + 6 - c**y + 4*c - 10*c - 4*c**2. Calculate s(4).
-2
Let k be (-16)/4 + (-3 + 2 - -7). Let t(z) = -5*z**2 - 3*z + 5. Let x(w) = -11*w**2 - 7*w + 11. Let g(m) = -9*t(m) + 4*x(m). Calculate g(k).
1
Let o = -450 + 438. Let i(f) = -f**2 - 13*f - 5. Calculate i(o).
7
Suppose -4*x - k = 26, -3*x + 22 = -5*x + 4*k. Let s(i) = 4*i + 31. Let g be s(x). Let o(h) = -h. Let m(z) = 6*z - 2. Let f(d) = -m(d) - 3*o(d). What is f(g)?
-7
Let g(u) be the first derivative of u**2/2 + 31. Let z be 17/5 + 4/(-10). Give g(z).
3
Let h(n) = n**3 - 13*n**2 - n + 3. Let w(i) = 3*i**2 - 34*i + 108. Let o be w(5). Calculate h(o).
-10
Let v be 1*3 + 48/(-24).